{"id":205,"date":"2020-07-01T02:31:48","date_gmt":"2020-07-01T02:31:48","guid":{"rendered":"https:\/\/quimpli.com\/tienda\/?post_type=product&#038;p=205"},"modified":"2020-07-07T03:23:30","modified_gmt":"2020-07-07T03:23:30","slug":"papel-jumbo-jr-kimberly-clark-250-mts-caja-c-6-rollos","status":"publish","type":"product","link":"https:\/\/quimpli.com\/tienda\/producto\/papel-jumbo-jr-kimberly-clark-250-mts-caja-c-6-rollos\/","title":{"rendered":"Papel Jumbo Jr Kimberly Clark 250 Mts Caja C\/6 Rollos"},"content":{"rendered":"<ul>\n<li><span class=\"detalleDescripcion\">Higi\u00e9nico Econ\u00f3mico para ba\u00f1os de mediano a alto tr\u00e1nsito de usuarios.<\/span><\/li>\n<li>Papel higi\u00e9nico JUMBO SR hoja doble para\u00a0dispensador 250mts. Caja 6 con 6 rollos<\/li>\n<li>Papel Higi\u00e9nico Kimberly Clark 100% Biodegradable<br \/>\n\u2013 R\u00e1pida diluci\u00f3n en el agua, evitando que se tapen las ca\u00f1er\u00edas.<br \/>\n\u2013 Hoja doble<br \/>\n\u2013 9 cm de ancho<\/li>\n<\/ul>\n","protected":false},"excerpt":{"rendered":"<ul>\n<li><span class=\"detalleDescripcion\">Higi\u00e9nico Econ\u00f3mico para ba\u00f1os de mediano a alto tr\u00e1nsito de usuarios.<\/span><\/li>\n<li>Papel higi\u00e9nico JUMBO SR hoja doble para\u00a0dispensador 250mts. Caja 6 con 6 rollos<\/li>\n<li>Papel Higi\u00e9nico Kimberly Clark 100% Biodegradable<br \/>\n\u2013 R\u00e1pida diluci\u00f3n en el agua, evitando que se tapen las ca\u00f1er\u00edas.<br \/>\n\u2013 Hoja doble<br \/>\n\u2013 9 cm de ancho<\/li>\n<\/ul>\n","protected":false},"featured_media":108,"template":"","meta":[],"product_brand":[],"product_cat":[18],"product_tag":[],"class_list":{"0":"post-205","1":"product","2":"type-product","3":"status-publish","4":"has-post-thumbnail","6":"product_cat-papel","8":"first","9":"instock","10":"taxable","11":"shipping-taxable","12":"purchasable","13":"product-type-simple"},"yoast_head":"<!-- This site is optimized with the Yoast SEO plugin v26.8 - https:\/\/yoast.com\/product\/yoast-seo-wordpress\/ -->\n<title>Papel Jumbo Jr Kimberly Clark 250 Mts Caja C\/6 Rollos - QUIMPLI<\/title>\n<meta name=\"robots\" content=\"index, follow, max-snippet:-1, max-image-preview:large, max-video-preview:-1\" \/>\n<link rel=\"canonical\" href=\"https:\/\/quimpli.com\/tienda\/producto\/papel-jumbo-jr-kimberly-clark-250-mts-caja-c-6-rollos\/\" \/>\n<meta property=\"og:locale\" content=\"es_MX\" \/>\n<meta property=\"og:type\" content=\"article\" \/>\n<meta property=\"og:title\" content=\"Papel Jumbo Jr Kimberly Clark 250 Mts Caja C\/6 Rollos - QUIMPLI\" \/>\n<meta property=\"og:description\" content=\"Higi\u00e9nico Econ\u00f3mico para ba\u00f1os de mediano a alto tr\u00e1nsito de usuarios.  Papel higi\u00e9nico JUMBO SR hoja doble para\u00a0dispensador 250mts. Caja 6 con 6 rollos  Papel Higi\u00e9nico Kimberly Clark 100% Biodegradable \u2013 R\u00e1pida diluci\u00f3n en el agua, evitando que se tapen las ca\u00f1er\u00edas. \u2013 Hoja doble \u2013 9 cm de ancho\" \/>\n<meta property=\"og:url\" content=\"https:\/\/quimpli.com\/tienda\/producto\/papel-jumbo-jr-kimberly-clark-250-mts-caja-c-6-rollos\/\" \/>\n<meta property=\"og:site_name\" content=\"QUIMPLI\" \/>\n<meta property=\"article:modified_time\" content=\"2020-07-07T03:23:30+00:00\" \/>\n<meta property=\"og:image\" content=\"https:\/\/quimpli.com\/tienda\/wp-content\/uploads\/2020\/06\/1-A.jpg\" \/>\n\t<meta property=\"og:image:width\" content=\"1440\" \/>\n\t<meta property=\"og:image:height\" content=\"960\" \/>\n\t<meta property=\"og:image:type\" content=\"image\/jpeg\" \/>\n<meta name=\"twitter:card\" content=\"summary_large_image\" \/>\n<script type=\"application\/ld+json\" class=\"yoast-schema-graph\">{\"@context\":\"https:\/\/schema.org\",\"@graph\":[{\"@type\":\"WebPage\",\"@id\":\"https:\/\/quimpli.com\/tienda\/producto\/papel-jumbo-jr-kimberly-clark-250-mts-caja-c-6-rollos\/\",\"url\":\"https:\/\/quimpli.com\/tienda\/producto\/papel-jumbo-jr-kimberly-clark-250-mts-caja-c-6-rollos\/\",\"name\":\"Papel Jumbo Jr Kimberly Clark 250 Mts Caja C\/6 Rollos - QUIMPLI\",\"isPartOf\":{\"@id\":\"https:\/\/quimpli.com\/tienda\/#website\"},\"primaryImageOfPage\":{\"@id\":\"https:\/\/quimpli.com\/tienda\/producto\/papel-jumbo-jr-kimberly-clark-250-mts-caja-c-6-rollos\/#primaryimage\"},\"image\":{\"@id\":\"https:\/\/quimpli.com\/tienda\/producto\/papel-jumbo-jr-kimberly-clark-250-mts-caja-c-6-rollos\/#primaryimage\"},\"thumbnailUrl\":\"https:\/\/quimpli.com\/tienda\/wp-content\/uploads\/2020\/06\/1-A.jpg\",\"datePublished\":\"2020-07-01T02:31:48+00:00\",\"dateModified\":\"2020-07-07T03:23:30+00:00\",\"breadcrumb\":{\"@id\":\"https:\/\/quimpli.com\/tienda\/producto\/papel-jumbo-jr-kimberly-clark-250-mts-caja-c-6-rollos\/#breadcrumb\"},\"inLanguage\":\"es\",\"potentialAction\":[{\"@type\":\"ReadAction\",\"target\":[\"https:\/\/quimpli.com\/tienda\/producto\/papel-jumbo-jr-kimberly-clark-250-mts-caja-c-6-rollos\/\"]}]},{\"@type\":\"ImageObject\",\"inLanguage\":\"es\",\"@id\":\"https:\/\/quimpli.com\/tienda\/producto\/papel-jumbo-jr-kimberly-clark-250-mts-caja-c-6-rollos\/#primaryimage\",\"url\":\"https:\/\/quimpli.com\/tienda\/wp-content\/uploads\/2020\/06\/1-A.jpg\",\"contentUrl\":\"https:\/\/quimpli.com\/tienda\/wp-content\/uploads\/2020\/06\/1-A.jpg\",\"width\":1440,\"height\":960,\"caption\":\"Papel Jumbo Jr Kimberly Clark 250 Mts Caja C\/6 Rollos\"},{\"@type\":\"BreadcrumbList\",\"@id\":\"https:\/\/quimpli.com\/tienda\/producto\/papel-jumbo-jr-kimberly-clark-250-mts-caja-c-6-rollos\/#breadcrumb\",\"itemListElement\":[{\"@type\":\"ListItem\",\"position\":1,\"name\":\"Inicio\",\"item\":\"https:\/\/quimpli.com\/tienda\/\"},{\"@type\":\"ListItem\",\"position\":2,\"name\":\"Comprar\",\"item\":\"https:\/\/quimpli.com\/tienda\/\"},{\"@type\":\"ListItem\",\"position\":3,\"name\":\"Papel Jumbo Jr Kimberly Clark 250 Mts Caja C\/6 Rollos\"}]},{\"@type\":\"WebSite\",\"@id\":\"https:\/\/quimpli.com\/tienda\/#website\",\"url\":\"https:\/\/quimpli.com\/tienda\/\",\"name\":\"QUIMPLI\",\"description\":\"\",\"potentialAction\":[{\"@type\":\"SearchAction\",\"target\":{\"@type\":\"EntryPoint\",\"urlTemplate\":\"https:\/\/quimpli.com\/tienda\/?s={search_term_string}\"},\"query-input\":{\"@type\":\"PropertyValueSpecification\",\"valueRequired\":true,\"valueName\":\"search_term_string\"}}],\"inLanguage\":\"es\"}]}<\/script>\n<!-- \/ Yoast SEO plugin. -->","yoast_head_json":{"title":"Papel Jumbo Jr Kimberly Clark 250 Mts Caja C\/6 Rollos - QUIMPLI","robots":{"index":"index","follow":"follow","max-snippet":"max-snippet:-1","max-image-preview":"max-image-preview:large","max-video-preview":"max-video-preview:-1"},"canonical":"https:\/\/quimpli.com\/tienda\/producto\/papel-jumbo-jr-kimberly-clark-250-mts-caja-c-6-rollos\/","og_locale":"es_MX","og_type":"article","og_title":"Papel Jumbo Jr Kimberly Clark 250 Mts Caja C\/6 Rollos - QUIMPLI","og_description":"Higi\u00e9nico Econ\u00f3mico para ba\u00f1os de mediano a alto tr\u00e1nsito de usuarios.  Papel higi\u00e9nico JUMBO SR hoja doble para\u00a0dispensador 250mts. Caja 6 con 6 rollos  Papel Higi\u00e9nico Kimberly Clark 100% Biodegradable \u2013 R\u00e1pida diluci\u00f3n en el agua, evitando que se tapen las ca\u00f1er\u00edas. \u2013 Hoja doble \u2013 9 cm de ancho","og_url":"https:\/\/quimpli.com\/tienda\/producto\/papel-jumbo-jr-kimberly-clark-250-mts-caja-c-6-rollos\/","og_site_name":"QUIMPLI","article_modified_time":"2020-07-07T03:23:30+00:00","og_image":[{"width":1440,"height":960,"url":"https:\/\/quimpli.com\/tienda\/wp-content\/uploads\/2020\/06\/1-A.jpg","type":"image\/jpeg"}],"twitter_card":"summary_large_image","schema":{"@context":"https:\/\/schema.org","@graph":[{"@type":"WebPage","@id":"https:\/\/quimpli.com\/tienda\/producto\/papel-jumbo-jr-kimberly-clark-250-mts-caja-c-6-rollos\/","url":"https:\/\/quimpli.com\/tienda\/producto\/papel-jumbo-jr-kimberly-clark-250-mts-caja-c-6-rollos\/","name":"Papel Jumbo Jr Kimberly Clark 250 Mts Caja C\/6 Rollos - QUIMPLI","isPartOf":{"@id":"https:\/\/quimpli.com\/tienda\/#website"},"primaryImageOfPage":{"@id":"https:\/\/quimpli.com\/tienda\/producto\/papel-jumbo-jr-kimberly-clark-250-mts-caja-c-6-rollos\/#primaryimage"},"image":{"@id":"https:\/\/quimpli.com\/tienda\/producto\/papel-jumbo-jr-kimberly-clark-250-mts-caja-c-6-rollos\/#primaryimage"},"thumbnailUrl":"https:\/\/quimpli.com\/tienda\/wp-content\/uploads\/2020\/06\/1-A.jpg","datePublished":"2020-07-01T02:31:48+00:00","dateModified":"2020-07-07T03:23:30+00:00","breadcrumb":{"@id":"https:\/\/quimpli.com\/tienda\/producto\/papel-jumbo-jr-kimberly-clark-250-mts-caja-c-6-rollos\/#breadcrumb"},"inLanguage":"es","potentialAction":[{"@type":"ReadAction","target":["https:\/\/quimpli.com\/tienda\/producto\/papel-jumbo-jr-kimberly-clark-250-mts-caja-c-6-rollos\/"]}]},{"@type":"ImageObject","inLanguage":"es","@id":"https:\/\/quimpli.com\/tienda\/producto\/papel-jumbo-jr-kimberly-clark-250-mts-caja-c-6-rollos\/#primaryimage","url":"https:\/\/quimpli.com\/tienda\/wp-content\/uploads\/2020\/06\/1-A.jpg","contentUrl":"https:\/\/quimpli.com\/tienda\/wp-content\/uploads\/2020\/06\/1-A.jpg","width":1440,"height":960,"caption":"Papel Jumbo Jr Kimberly Clark 250 Mts Caja C\/6 Rollos"},{"@type":"BreadcrumbList","@id":"https:\/\/quimpli.com\/tienda\/producto\/papel-jumbo-jr-kimberly-clark-250-mts-caja-c-6-rollos\/#breadcrumb","itemListElement":[{"@type":"ListItem","position":1,"name":"Inicio","item":"https:\/\/quimpli.com\/tienda\/"},{"@type":"ListItem","position":2,"name":"Comprar","item":"https:\/\/quimpli.com\/tienda\/"},{"@type":"ListItem","position":3,"name":"Papel Jumbo Jr Kimberly Clark 250 Mts Caja C\/6 Rollos"}]},{"@type":"WebSite","@id":"https:\/\/quimpli.com\/tienda\/#website","url":"https:\/\/quimpli.com\/tienda\/","name":"QUIMPLI","description":"","potentialAction":[{"@type":"SearchAction","target":{"@type":"EntryPoint","urlTemplate":"https:\/\/quimpli.com\/tienda\/?s={search_term_string}"},"query-input":{"@type":"PropertyValueSpecification","valueRequired":true,"valueName":"search_term_string"}}],"inLanguage":"es"}]}},"_links":{"self":[{"href":"https:\/\/quimpli.com\/tienda\/wp-json\/wp\/v2\/product\/205","targetHints":{"allow":["GET"]}}],"collection":[{"href":"https:\/\/quimpli.com\/tienda\/wp-json\/wp\/v2\/product"}],"about":[{"href":"https:\/\/quimpli.com\/tienda\/wp-json\/wp\/v2\/types\/product"}],"wp:featuredmedia":[{"embeddable":true,"href":"https:\/\/quimpli.com\/tienda\/wp-json\/wp\/v2\/media\/108"}],"wp:attachment":[{"href":"https:\/\/quimpli.com\/tienda\/wp-json\/wp\/v2\/media?parent=205"}],"wp:term":[{"taxonomy":"product_brand","embeddable":true,"href":"https:\/\/quimpli.com\/tienda\/wp-json\/wp\/v2\/product_brand?post=205"},{"taxonomy":"product_cat","embeddable":true,"href":"https:\/\/quimpli.com\/tienda\/wp-json\/wp\/v2\/product_cat?post=205"},{"taxonomy":"product_tag","embeddable":true,"href":"https:\/\/quimpli.com\/tienda\/wp-json\/wp\/v2\/product_tag?post=205"}],"curies":[{"name":"wp","href":"https:\/\/api.w.org\/{rel}","templated":true}]}}